08)/(-834))?
4
Let r be -6 + 6 - (-2 + (-1 - 105)). Suppose -r - 21 = -d. What is the tens digit of d?
2
What is the units digit of ((-16)/((-320)/85))/((-2)/(-664))?
1
Suppose 28 = 4*i - 5*p, -12 = 4*i + 3*p + 2*p. Let y(j) = 3*j**2 + 5*j - 5. What is the units digit of y(i)?
7
Let h be -1*1 - (-19 + 14). Let d(q) = 0*q - h*q**2 - 2 + 0*q**2 - 4*q - q**3. What is the units digit of d(-3)?
1
What is the hundreds digit of 333 + -2 - (-2 - -4 - 6)?
3
Let r(d) = -d**2 + 3*d + 4. Let u be r(3). Suppose -y + u*y = 192. What is the units digit of y?
4
Let a = 771 + -294. What is the hundreds digit of a?
4
Suppose -3*p + 13*a = 16*a - 2784, 5*p = 4*a + 4640. What is the units digit of p?
8
Suppose -5*g = -7*g - 580. Let b = g - -449. What is the tens digit of b?
5
Let f = 81 + 2. Let n = f + 75. What is the units digit of n?
8
Suppose 898 = -s - s. Let z be s/(-6) + 2/12. Suppose 6*c = c + z. What is the tens digit of c?
1
Let l(t) = -8*t**3 + 17*t**2 + 81*t - 15. What is the units digit of l(-6)?
9
Let v(r) = 589*r**2 - r - 1. Let o be v(-1). Suppose -4*m + o = -439. What is the units digit of m?
7
Let z be (1 - 125 - 1)*-1. Suppose -z = -5*m + 300. What is the units digit of m?
5
Let o(i) = -4*i - 6. Let u be o(-2). Suppose -3*q = k - 245, -2*k + 1242 = 3*k - u*q. What is the units digit of k?
8
What is the tens digit of 37976/30 - 8/(-60)?
6
Let m(b) = 7*b + 7. Let p be m(5). Let l = 422 - 435. Let w = l + p. What is the units digit of w?
9
What is the units digit of 743 + (3 + -8 - 2)?
6
Suppose -7*n = 6*n - 4121. What is the hundreds digit of n?
3
Let x(u) = u - 2 + 18 - 3 - 3*u. What is the tens digit of x(-23)?
5
Suppose 11*l + 14911 = 42*l. What is the tens digit of l?
8
What is the units digit of ((-796)/(-10))/((-16)/(-120))?
7
Let z(t) be the second derivative of -t**5/20 - 13*t**4/12 + 5*t**2 + 11*t. What is the units digit of z(-13)?
0
Let v(x) = -x**2 + 7*x. Let s be (-98)/35*(-10)/4. Let j be v(s). What is the units digit of -2 + 4 + (1 - j)?
3
Suppose -5*y + 3*g = -0*g - 2226, y + 5*g - 434 = 0. What is the tens digit of y?
4
Let z(o) = 91*o + 3. What is the units digit of z(3)?
6
Let j be (-9)/6*8/3. Let w be 2*j/(16/10). What is the tens digit of w*(-6)/15*16?
3
Let x(h) = 214*h - 5. Let f be x(2). Suppose -4*d = -o + 94, 5 - f = -4*o - 5*d. What is the tens digit of o?
0
Let p = -1 - -8. Suppose -5*v = -2*a + 1 - p, 2*v = -a + 6. Suppose -2 - 4 = -a*f. What is the units digit of f?
3
Suppose 5*z - 13*z + 32 = 0. Suppose z*g + 5*o - 2 = 1, -5*g - 3*o = -7. Suppose 0 = v - g*a + a - 18, -82 = -4*v - a. What is the tens digit of v?
2
Let w = 44 + -107. Let b = -15 - w. Suppose c + 3*c - b = 0. What is the units digit of c?
2
Suppose -2704 = -59*z + 55*z. What is the tens digit of z?
7
Suppose -6 = z - 2, 0 = -4*i - 5*z + 2948. What is the tens digit of i?
4
Let n = -75 + 81. Let h = 4 - 0. What is the units digit of h - n - (1 + -44)?
1
Let f = 10 + -8. Suppose -f*b - 3*b = -60. Let s = b - -1. What is the units digit of s?
3
Let p(i) = 4 - 4*i**3 + 6*i**3 - i**3 + i**2. Let k be p(0). Suppose 0 = 2*o - k*o + 74. What is the units digit of o?
7
Let h = -23 - -32. Let y be (-3 - -1) + -1 + -1. What is the tens digit of 40 - 9/(h/y)?
4
Let i(k) be the third derivative of k**4/4 - k**3/6 + k**2. What is the units digit of i(8)?
7
Let b = 2615 + -991. What is the units digit of b?
4
Let z(t) = -11*t - 27. Let q be z(-9). What is the units digit of (q/(-32))/((-6)/128)?
8
Suppose -5*v + 1591 = -2*d, 4*v - 1272 = d + d. Let t = -131 + v. What is the units digit of t?
8
Let q be (15 + 0)/(18/12). Suppose 12*z - q*z = 282. What is the tens digit of z?
4
Suppose 0 = 11*j - 21*j - 80. What is the tens digit of (-9)/45*(-50)/j*-76?
9
Let s = -27 - -26. Let u(w) = -94*w**3 - 2*w**2 + w + 2. What is the tens digit of u(s)?
9
Let g be (-10)/4*6/(-15). Suppose -h = h + 2. What is the units digit of 3 + h - (-16)/g?
8
Let y(m) = -m**3 + 11*m**2 + 20. Let r be y(11). What is the units digit of -2 + (r/90 - (-1454)/18)?
9
Let c = 1221 - 629. What is the tens digit of c?
9
Suppose -3 = q - 9. Let r(v) = -v**3 + 7*v**2 - 7*v + 8. Let j be r(q). Suppose 95 = j*m + 5*d, d - 17 = -2*m + 74. What is the units digit of m?
5
Let d be 19 - -10 - (3 + 0 - 1). Let q be 1/(1 - 2) + 2. What is the units digit of 2 + q + -9 + d?
1
Let w(v) = 55*v**2 + 10*v + 4. What is the units digit of w(-3)?
9
Suppose -4*t + t + 6 = 3*l, -16 = -4*l. Let a be (9/t)/(3/6). Let h = a - -21. What is the tens digit of h?
1
Let p be 34 + -4*(-3)/(-6). Let r = p - 23. Let n = 15 - r. What is the units digit of n?
6
Let b(n) = -n**2 - 8*n + 2. Let g be b(-8). Let r(c) = c + 8. Let p be r(-4). Suppose p = g*f - 6. What is the units digit of f?
5
Let m be 4 + 9/(-1) - -24. Suppose -m*n = -907 - 2076. What is the hundreds digit of n?
1
Suppose 5*j - 3*x = 2*x, -2*j - 4*x = 30. Let o = 7 + j. Suppose -o*c = 3*u - 36, 5*u - 2*c - 22 - 22 = 0. What is the tens digit of u?
1
Let u = -7 - -11. Let d be 242/4 - 2/u. Suppose -d = -5*a + 10. What is the units digit of a?
4
Suppose 0*b = 13*b - 3510. What is the hundreds digit of b?
2
Let d(m) = 4*m**2 - 1. Suppose -4*h + 6 = 5*s - 15, -3*h + 2*s = 13. Let f be d(h). Suppose 6*r - f = 5*r. What is the units digit of r?
3
Suppose -7 + 22 = 3*z. Suppose z*u + 2*u = 833. Suppose -3*f + u = 5*v, -2*f + 2*v + 188 = 3*f. What is the tens digit of f?
3
Let i be ((-16)/(-12) - (-16)/6) + -74. Let m = 63 - i. What is the tens digit of m?
3
Let t = 45 - 45. Suppose 6*l = -t*l + 282. What is the tens digit of l?
4
Suppose 2*v - 3*r - 15 = 0, 0 = -4*v - 3*r - 0*r + 3. Suppose 2*k = -2*l - 28, v*l + 74 = -2*k + 31. What is the units digit of (-6)/l - 236/(-10)?
4
Let b(q) = 2*q - 12. Suppose 9*d = 11*d - 10. Suppose -h - 5*j + d = -1, 3*j = -3. What is the tens digit of b(h)?
1
Suppose 0 = -3*g + g - 12. Let r = g - -6. Suppose -3*f + 11 + 13 = r. What is the units digit of f?
8
Let a = 129 - 141. What is the tens digit of 1*8/a + (-574)/(-6)?
9
Let q = -2278 + 4649. What is the thousands digit of q?
2
Let x(s) = 0 + 4 - 8 - 2*s - 10. Let n be x(-10). What is the units digit of (-28)/(-42) + 20/n?
4
Suppose 0 = -4*y + 5*y + 1. Let u(o) = -3*o**3 - o**2 - o + 1. Let s be u(y). Suppose -53 = l - 3*l + 5*c, 0 = -4*c - s. What is the tens digit of l?
2
Suppose -1538 = -4*z + 434. What is the units digit of z?
3
Suppose r - 124 = -20. Suppose 0 = -h - h + r. Suppose 3*i - h = i. What is the units digit of i?
6
Suppose 3*d + 445 = 2*f, 5*f + 5*d - 824 = 226. Let x = 405 - f. What is the tens digit of x?
9
Let l(i) = 3*i - 77. Let d be l(25). Let h(r) be the second derivative of 7*r**4/12 + r**3/6 - 2*r. What is the units digit of h(d)?
6
Let u(b) = 3*b**2 - 578*b + 5 - 2*b**2 + 584*b. What is the units digit of u(4)?
5
What is the tens digit of 523 + 3 + (7 - 10)?
2
Let y(q) = -3*q**3 - 8*q**2 - 20*q - 8. Let i be y(-6). What is the units digit of 66/110 + i/5?
5
Let y = -29 + 87. What is the units digit of y?
8
Suppose 91*z = 78*z + 48035. What is the hundreds digit of z?
6
Suppose 5*r + 5 + 11 = -2*x, -4*x - 4*r = 20. Let m be x/(30/32)*5. Let b = m - -18. What is the units digit of b?
2
Let b(f) = 339*f - 1. Let i be b(-1). Let w be 3 - i/(3 + 1). Suppose a - 5*a = -w. What is the units digit of a?
2
Suppose 15*n + 5*w + 4763 = 19*n, w - 1193 = -n. What is the tens digit of n?
9
Suppose -5*t - 6 = -6. Suppose 4*a = 5*h + 945, -5*a + 0*h + h + 1176 = t. What is the hundreds digit of a?
2
Let n(f) = f - 12. Let i be n(5). Let a = -3 - i. Suppose -37 = -3*t - a. What is the tens digit of t?
1
Let z be 6/(-16) + (-15)/(-40). Suppose -5*u - 19 = -b, z*u - 10 = -4*b - 2*u. Suppose -8*i + 4*i + 47 = 3*t, 0 = b*i - 20. What is the units digit of t?
9
Let b be (-2 - -3) + 5/1. Suppose -96 = -a + q, 5*a + b*q - q = 430. Suppose -5*w = -t - 2*t + a, -2*t = -3*w - 59. What is the tens digit of t?
2
Let b be 14/(-49) + (-69)/(-21). Suppose -142 = -5*j - b*y, 100 = 3*j + j - y. Let l = j + 20. What is the tens digit of l?
4
Let j(d) = -d**2 + 6*d + 7. Let w(l) = 2*l**3 - 3*l**2 + 4*l - 5. Let x be w(2). Let h be j(x). Suppose -3*o + 5*o - 84 = h. What is the tens digit of o?
4
Let t be (-16)/(-6)*15/10. Suppose 0 = t*m - 3*m. Suppose s - 39 - 11 = m. What is the tens digit 